ppose d = -0*f + f. What is the tens digit of f?
4
Let f(j) = 11*j**2 - 3*j + 1. What is the hundreds digit of f(-3)?
1
Let p(a) = a + 6. Let f be p(-4). Suppose -9 = -f*h + 5*h, 0 = -2*n + 2*h + 78. What is the tens digit of n?
3
Suppose -v + k + 16 = 0, 2*v - k = -0*k + 31. What is the tens digit of v?
1
Suppose 0 = -5*o - 4*x + 624, 0 = 3*o + 4*x - x - 375. What is the hundreds digit of o?
1
Let c(w) = w**2 + 3*w - 3. What is the units digit of c(-5)?
7
Let m(r) = r**2 + 7*r + 5. Suppose -2*t + 8 = -3*t. What is the tens digit of m(t)?
1
Let c(x) = x**3 + 4*x**2 - 3*x - 3. Let o be c(-4). Let z = o + 9. What is the tens digit of z?
1
Suppose 0 = 3*o + 3 + 57. Let v = 21 + o. What is the units digit of v?
1
Let k = 86 - -73. What is the hundreds digit of k?
1
Let g = -4 + 6. Let n = g - 0. Let d = n + 3. What is the units digit of d?
5
Suppose -2*n - 11 = 15. Let c = n - -23. What is the tens digit of c?
1
Let i(h) be the third derivative of h**6/120 - 13*h**5/60 + 13*h**4/24 - 2*h**3/3 - 6*h**2. What is the units digit of i(12)?
8
Suppose 4*u = 3*u + 125. Suppose a = 5*b - 3*a - u, 2*a = 2*b - 50. What is the tens digit of b?
2
Let q(l) = 20*l + 4. Let x be q(-8). Let f be 3*-1*x/(-18). Let y = -18 - f. What is the units digit of y?
8
Let d be -1*1 - (55 - 10). Let g = d - -77. What is the tens digit of g?
3
Let j(l) = -11*l + 33. Let w(p) = -5*p + 16. Let q(c) = -6*j(c) + 13*w(c). What is the units digit of q(-3)?
7
Let n(x) = -10*x + 2. Let m be n(-2). Suppose m = 3*g - 2*y, g - 2*g = 5*y + 4. What is the units digit of g?
6
Suppose 3*d - 12 = 9. What is the units digit of d?
7
Let o(n) = 16*n**3 - 4*n**2 + 4. Let u(c) = 5*c**3 - c**2 + 1. Let q(m) = -2*o(m) + 7*u(m). What is the tens digit of q(2)?
2
Let a(n) = n**2 + 4*n. Let z be a(-3). Let m be 12/((-6)/z) + -2. What is the units digit of (-3 - -1)*(-14)/m?
7
Let w = 1 + -3. Let z be (1 - 3)*(w - 0). Suppose 5*x - z*x = 2. What is the units digit of x?
2
Let r = 9 - -21. What is the units digit of r/6*(-3)/(-5)?
3
Suppose h + 3*h - 620 = 0. Suppose 5*x - h = -50. What is the units digit of 61/7 - (-6)/x?
9
Let o(a) = -8*a. Let t be o(1). Let k be (-6)/4*t/(-6). Let b = k + 16. What is the tens digit of b?
1
Let v(i) = i**2 + i + 1. Let u be v(4). Suppose -5*f = 4*q + 4 - 37, 0 = 2*f - q - u. Let y = 15 - f. What is the units digit of y?
6
What is the tens digit of 465/9 + 1/3?
5
Let z = -15 + -47. Let q = -37 - z. What is the tens digit of q?
2
Let x(h) = 5*h - 1. Suppose 5 = 3*d + 2. Let u be x(d). Suppose 0*m - u*m + 72 = 0. What is the tens digit of m?
1
Suppose 5*y + 109 = 424. What is the units digit of y?
3
Let q(t) = 2*t**2 + 14*t + 16. What is the tens digit of q(-10)?
7
Let w(i) = -i**2 + 13*i + 12. Let p be w(12). Let x(o) = -o + 10. Let y be x(8). Suppose 2*v = -y*v - 3*m + 31, 2*m - p = -3*v. What is the units digit of v?
0
Suppose -2*y - 3*y + 365 = 0. What is the units digit of y?
3
Let u = 6 + -3. Suppose 3*d = -5*s + 47, -u*s - 3*d + 41 = 14. What is the tens digit of s?
1
Suppose -10 = 2*o + 5*g, 3*o - 2*g + 4*g = -26. Let f = -4 - o. What is the units digit of f?
6
Suppose 3*d - 15 = -3*n, -6*d - 3*n = -4*d - 5. Suppose -d = -3*o - 1. Suppose 2*z - 20 = z + 5*g, o*z = 5*g + 40. What is the tens digit of z?
1
Let w(g) = 7*g**3 + 12*g**2 + 11*g + 9. Let k(u) = u**3 + 1. Let y(v) = -6*k(v) + w(v). What is the units digit of y(-11)?
3
Let a be (-1 + -3)*-1 + -2. Suppose -q - 3*n - 13 = 0, 3*q - a*n + 10 = 26. Suppose -q*i - 2*i + d = -19, 5*i + 3*d = 45. What is the units digit of i?
6
What is the units digit of 85 + -1 + 6/3?
6
Let v be 1/(-1 + (1 - -1)). Let p be 0 + 1*(-6)/(-3). Let w = p - v. What is the units digit of w?
1
Let v = -127 - -178. What is the tens digit of v?
5
Suppose -4 = y - 2*w, -w = -y + 2*y - 5. Suppose 18 + 72 = y*n. What is the tens digit of n?
4
Suppose -3*y - 4*w + 26 = -y, -35 = -2*y - w. Let m = 71 + y. Suppose -m = -3*g - 2*g. What is the units digit of g?
8
Let o(v) be the first derivative of -v**5/120 - v**4/12 + v**3/3 - 2. Let g(x) be the third derivative of o(x). What is the units digit of g(-5)?
3
Let n be (-4)/(-6)*291 + 2. What is the tens digit of n/9 + (-10)/(-45)?
2
Suppose 62 + 94 = 4*t. What is the tens digit of t?
3
Let r(o) = o**3 - 3*o**2 - 7*o + 4. Let u = 5 + -5. Suppose 5*x = m + 20, x = -4*m - u*x + 25. What is the units digit of r(m)?
9
Suppose -n - 3*n = 68. Let p = n - -28. What is the tens digit of p?
1
Suppose -3*w = -2 - 1. Suppose -o = j - 8, -3 + w = 2*o. Let v = -4 + j. What is the units digit of v?
5
Let y be ((-50)/(-15))/((-1)/12). Let p = -2 - y. What is the tens digit of p?
3
Let r = -85 - -159. What is the units digit of r?
4
Suppose -5*f = p - 13, 0 = f - p - p + 4. What is the units digit of f?
2
Suppose 179 = -4*d + 5*d - 4*j, 370 = 2*d - 4*j. Let v = d + -131. What is the units digit of v?
0
Let u be (2/4)/((-2)/(-8)). Suppose 3*k = u*n + 4*k - 6, -k + 8 = 3*n. What is the tens digit of -1*(n + 3)*-2?
1
Let v(k) be the third derivative of k**4/8 + 2*k**3/3 + k**2. Let h be v(3). Suppose -h - 39 = -4*u. What is the units digit of u?
3
Let b(t) = -37*t**3 + 3*t**2 + t - 2. What is the hundreds digit of b(-2)?
3
What is the units digit of ((-6)/(-2))/(1/39)?
7
Let c = -19 - -12. Let y(h) = -2*h + 4. What is the tens digit of y(c)?
1
What is the units digit of -13*4/(-8)*2?
3
Suppose 8*x - 5*x = f + 47, -8 = -2*f. Let g be (1 - -1 - 1) + x. What is the units digit of (-15)/(-6)*g/5?
9
Let p be ((-4)/8)/((-1)/4). What is the units digit of ((-25)/(-10))/(1/p)?
5
Let f be (-2)/5 - 42/(-30). Let x be 360/35 - (-6)/(-21). Let k = x - f. What is the units digit of k?
9
Suppose 15 + 25 = -5*i. Let a = -22 + i. What is the tens digit of ((-2)/(-5))/(-1)*a?
1
Let d(h) = -5*h + 2. What is the units digit of d(-1)?
7
Let i be -3*(-2 + -1 - -2). Let q(d) = 5 - 4*d + 4 + d**2 - i. What is the units digit of q(4)?
6
What is the units digit of (-87)/9*(-1 + -2)?
9
Let n = 0 + 1. Suppose -g + 21 = -4*l, -3*g - n + 40 = -4*l. Suppose 4*q = -2*j - 16, 4*q = -5*j - g - 1. What is the units digit of j?
2
Let p(s) = s**2 + 2*s. Suppose -q + 2*r = 12 + 1, 2*r = -5*q - 5. Let w be p(q). Suppose -u + 8 = 2*h, -w*u + 0*u - h = -24. What is the units digit of u?
8
Suppose 7 = 5*z - 13. Suppose 5*t + z*w - 82 = 0, t + t + 4*w = 28. Suppose -2*u + 2*n = -t, 3*n - 10 = 4*u - 45. What is the units digit of u?
8
Suppose -4*f = 2*b - 330, -122 = -f - b - 40. What is the tens digit of f?
8
Let w(z) = z**2 - 5*z + 3. Suppose 3*x + 11 = 5*l, l - 2 - 2 = 0. Let f be w(x). What is the units digit of (4 - f) + (0 - -2)?
9
Suppose -2*o = 3*o - 230. What is the units digit of o?
6
Let j be (-40)/(-25) + (-4)/(-10). Suppose 0 = y, 0 = j*s + s - 2*y - 69. What is the units digit of s?
3
Let v be (-2 + -1)/((-6)/4). Suppose 6*n = -4*p + 2*n - 20, -n = -v*p - 1. What is the units digit of ((-8)/(-10))/(p/(-5))?
2
Let v be ((-12)/(-16))/((-1)/(-4)). Let r(n) = 5*n**2 + 3*n + 1. What is the tens digit of r(v)?
5
Let y = 2 + 0. Suppose -3*f + 3*v + 33 = 2*v, 5*v = y*f - 22. Let s = f + -7. What is the units digit of s?
4
Let q be (-1)/(-5) + (-212)/10. Let r = -15 - q. Let g(p) = -p**3 + 7*p**2 - 6*p + 4. What is the units digit of g(r)?
4
Let j = -132 + 336. Suppose 5*v - v - 204 = 5*y, y = 4*v - j. What is the tens digit of v?
5
Suppose 0*q + q + 9 = 0. Let r = -5 - q. What is the units digit of r?
4
Suppose 0 = 4*l + 3*a + 17, -13 = 3*a - 4. Let h be 16/(-12)*(-9)/l. What is the units digit of ((-10)/(-3))/((-4)/h)?
5
Let r(k) = -2*k + 2. Let q be r(-4). Let w = 4 - q. Let z = w + 15. What is the units digit of z?
9
Let i(b) = 19*b**2 - 2*b + 1. Let u be i(1). Let n = u + 33. What is the tens digit of n?
5
Let l(x) = x - 14. Let s(r) = r - 29. Let c(h) = -5*l(h) + 3*s(h). What is the units digit of c(-11)?
5
What is the tens digit of 12*(42/8 - 1)?
5
Let a(i) = -i**3 + 6*i**2 - 2*i + 9. Let y be a(6). Let p = y - -12. What is the units digit of (1 - (-1 - p)) + -2?
9
Let o(q) = q**3 - 5*q**2 - 6*q - 8. Let t be o(6). Let w(k) = -3*k**2 - 6 + 14 + 2*k**2 - 8*k. What is the units digit of w(t)?
8
Let s(h) = 12*h - 3. Let r(j) = j - 3. Let a be r(5). What is the units digit of s(a)?
1
Let d(h) = -5*h + 0*h + 0 + 5 + h. What is the units digit of 